{"id":1146,"date":"2021-01-10T14:19:19","date_gmt":"2021-01-10T14:19:19","guid":{"rendered":"http:\/\/kancelaria-walczuk.pl\/?page_id=1146"},"modified":"2026-04-12T02:34:11","modified_gmt":"2026-04-12T02:34:11","slug":"6b84d-charity-brizy-homepage-2-2-4-2-2-2-2","status":"publish","type":"page","link":"https:\/\/kancelaria-walczuk.pl\/index.php\/6b84d-charity-brizy-homepage-2-2-4-2-2-2-2\/","title":{"rendered":"CZYNNY \u017bAL, CZYLI JAK SI\u0118 RATOWA\u0106, KIEDY NIE ZAP\u0141ACI\u0141EM W TERMINIE PODATKU"},"content":{"rendered":"<div class=\"brz-root__container brz-reset-all brz\">\n<section id=\"about\" class=\"brz-section brz-css-dw1Pj\">\n<div class=\"brz-section__content brz-section--boxed brz-css-aacGU brz-css-apYAs\" data-brz-custom-id=\"epcmjzgbqzuevoswgvcfqmymxlslekqikjjb\">\n<div class=\"brz-bg\">\n<div class=\"brz-bg-image\"><\/div>\n<div class=\"brz-bg-color\"><\/div>\n<\/div>\n<div class=\"brz-container brz-css-kqxQW\">\n<div id=\"\" class=\"brz-css-wQBni brz-wrapper\">\n<div class=\"brz-rich-text brz-rich-text__custom brz-css-t2FiV\" data-brz-custom-id=\"dgzjadkekqkrdrzqxjecdfrbvkrnrecypnii\">\n<div data-brz-translate-text=\"1\">\n<p class=\"brz-css-gSS3l\"><\/p>\n<h2 class=\"brz-text-lg-center brz-lh-lg-1 brz-lh-sm-im-1_3 brz-lh-xs-im-1_3 brz-ls-lg-0 brz-ls-sm-im-m_1 brz-ls-xs-im-m_1 brz-ff-noto_serif brz-ft-google brz-fw-lg-400 brz-fw-sm-im-400 brz-fw-xs-im-400 brz-fs-lg-40 brz-fs-sm-im-7 brz-fs-xs-im-7 brz-css-r9rZy\"><span class=\"brz-cp-color8\">CZYNNY \u017bAL, CZYLI JAK SI\u0118 RATOWA\u0106, KIEDY NIE ZAP\u0141ACI\u0141EM W TERMINIE PODATKU<\/span><\/h2>\n<\/div>\n<\/div>\n<\/div>\n<\/div>\n<\/div>\n<\/section>\n<section id=\"_igflsplzwsjlyxkmuikgdobyuovlibcguslc\" class=\"brz-section brz-css-dw1Pj\">\n<div class=\"brz-section__content brz-section--boxed brz-css-aacGU brz-css-uGWUZ\" data-brz-custom-id=\"pvmtbfmckwtdcnhasrwahtehtshkurfvkjgt\">\n<div class=\"brz-bg\">\n<div class=\"brz-bg-image\"><\/div>\n<div class=\"brz-bg-color\"><\/div>\n<\/div>\n<div class=\"brz-container brz-css-kqxQW\">\n<div class=\"brz-row__container brz-css-aRMnD\" data-brz-custom-id=\"jsdgfdszgjfchplexbqjokjgacnokyleyugi\">\n<div class=\"brz-bg\"><\/div>\n<div class=\"brz-row brz-css-xwrBD brz-css-xH3dZ\">\n<div class=\"brz-columns brz-css-tnNEK brz-css-eqqJO\" data-brz-custom-id=\"undebappgycfntdjowuchueodkdqczgbhaqa\">\n<div class=\"brz-bg\">\n<div class=\"brz-bg-color\"><\/div>\n<\/div>\n<div class=\"brz-column__items brz-css-vc3Ih brz-css-xHHtB\">\n<div id=\"\" class=\"brz-css-wQBni brz-wrapper\">\n<div class=\"brz-rich-text brz-rich-text__custom brz-css-t2FiV\" data-brz-custom-id=\"rqypryxmprxwhwplowpvkslzhhqpsneyloko\">\n<div data-brz-translate-text=\"1\">\n<p class=\"brz-ff-noto_serif brz-ft-google brz-fw-lg-400 brz-fw-sm-im-400 brz-fw-xs-im-400 brz-fs-lg-16 brz-fs-sm-im-15 brz-fs-xs-im-15 brz-lh-lg-1_6 brz-lh-sm-im-1_7 brz-lh-xs-im-1_7 brz-css-fwshH\"><strong>\tWed\u0142ug znanego powiedzenia w \u017cyciu pewne s\u0105 tylko dwie pewne rzeczy \u2013 \u015bmier\u0107 i podatki.<\/strong> Praktyka \u017cyciowa pokazuje nam, \u017ce w gruncie rzeczy to powiedzenie sprawdza si\u0119 i o ile ze \u015bmierci\u0105 raczej negocjowa\u0107 si\u0119 nie da, to mo\u017cemy stara\u0107 si\u0119 unikn\u0105\u0107 negatywnych konsekwencji zwi\u0105zanych z m.in. niezap\u0142aceniem w terminie podatku lub brakiem z\u0142o\u017cenia w terminie stosownej deklaracji podatkowej, na czym si\u0119 skupimy w niniejszym artykule.<\/p>\n<p class=\"brz-ff-noto_serif brz-ft-google brz-fw-lg-400 brz-fw-sm-im-400 brz-fw-xs-im-400 brz-fs-lg-16 brz-fs-sm-im-15 brz-fs-xs-im-15 brz-lh-lg-1_6 brz-lh-sm-im-1_7 brz-lh-xs-im-1_7 brz-css-rtqK8\">\n<p class=\"brz-ff-noto_serif brz-ft-google brz-fw-lg-400 brz-fw-sm-im-400 brz-fw-xs-im-400 brz-fs-lg-16 brz-fs-sm-im-15 brz-fs-xs-im-15 brz-lh-lg-1_6 brz-lh-sm-im-1_7 brz-lh-xs-im-1_7 brz-css-rPmsu\">\t<strong>Jednym z rozwi\u0105za\u0144 pozwalaj\u0105cych na unikni\u0119cie negatywnych konsekwencji naszych narusze\u0144 przepis\u00f3w podatkowych jest instytucja czynnego \u017calu i jest dobrym rozwi\u0105zaniem, gdy z r\u00f3\u017cnych przyczyn nie ui\u015bcili\u015bmy w terminie nale\u017cnego podatku lub nie z\u0142o\u017cyli\u015bmy stosownej deklaracji, a organy podatkowe nie zd\u0105\u017cy\u0142y si\u0119 jeszcze nami zainteresowa\u0107.<\/strong> Zosta\u0142a ona uregulowana w art. 16 \u00a7 1 Kodeksu karnego skarbowego, kt\u00f3ry stanowi, \u017ce nie podlega karze za przest\u0119pstwo skarbowe lub wykroczenie skarbowe sprawca, kt\u00f3ry po pope\u0142nieniu czynu zabronionego zawiadomi\u0142 o tym organ powo\u0142any do \u015bcigania, ujawniaj\u0105c istotne okoliczno\u015bci tego czynu, w szczeg\u00f3lno\u015bci osoby wsp\u00f3\u0142dzia\u0142aj\u0105ce w jego pope\u0142nieniu. Najog\u00f3lniej m\u00f3wi\u0105c chodzi o to, aby po prostu donie\u015b\u0107 na samego siebie do organu powo\u0142anego do \u015bcigania przest\u0119pstw lub wykrocze\u0144 skarbowych. Czym s\u0105 wskazane organy powo\u0142ane do \u015bcigania przest\u0119pstw lub wykrocze\u0144 skarbowych? Chodzi tu o okre\u015blone w Kodeksie karnym skarbowym  finansowe organy post\u0119powania przygotowawczego, czyli urz\u0105d skarbowy, inspektora kontroli skarbowej, urz\u0105d celny oraz niefinansowe organy post\u0119powania przygotowawczego, czyli Stra\u017c Graniczn\u0105, Policj\u0119, Agencj\u0119 Bezpiecze\u0144stwa Wewn\u0119trznego, \u017bandarmeri\u0119 Wojskow\u0105 oraz Centralne Biuro Antykorupcyjne. W\u0142a\u015bciwo\u015b\u0107 organu do z\u0142o\u017cenia czynnego \u017calu jest zale\u017cna od tego, kt\u00f3ry organ jest w\u0142a\u015bciwy w sprawie deklaracji, kt\u00f3rej nie z\u0142o\u017cyli\u015bmy i niezap\u0142aconego przez nas podatku. W pi\u015bmie zawieraj\u0105cym czynny \u017cal nale\u017cy wskaza\u0107 organ, do kt\u00f3rego kierujemy czynny \u017cal, dok\u0142adnie opisa\u0107 na czym polega pope\u0142nione przez nas uchybienie, wskaza\u0107 wszystkie okoliczno\u015bci oraz dobrze by\u0142oby wskaza\u0107 pewne okoliczno\u015bci na usprawiedliwienie naszego zaniechania. Do pisma zawieraj\u0105cego czynny \u017cal nale\u017cy do\u0142\u0105czy\u0107 w\u0142a\u015bciw\u0105 deklaracj\u0119 podatkow\u0105 wraz z za\u0142\u0105cznikami. Po dokonaniu tych\u017ce czynno\u015bci, organ wyznaczy nam termin na zap\u0142at\u0119 podatku, czego nale\u017cy dokona\u0107 zgodnie z tym\u017ce terminem, gdy\u017c w razie uchybienia terminowi, nasz czynny \u017cal zostaje uznany za nieby\u0142y. <\/p>\n<p class=\"brz-ff-noto_serif brz-ft-google brz-fw-lg-400 brz-fw-sm-im-400 brz-fw-xs-im-400 brz-fs-lg-16 brz-fs-sm-im-15 brz-fs-xs-im-15 brz-lh-lg-1_6 brz-lh-sm-im-1_7 brz-lh-xs-im-1_7 brz-css-sdmxL\">\n<p class=\"brz-ff-noto_serif brz-ft-google brz-fw-lg-400 brz-fw-sm-im-400 brz-fw-xs-im-400 brz-fs-lg-16 brz-fs-sm-im-15 brz-fs-xs-im-15 brz-lh-lg-1_6 brz-lh-sm-im-1_7 brz-lh-xs-im-1_7 brz-css-zROor\">\tW niniejszym artykule skupiamy si\u0119 na przede wszystkim na przypadkach zwi\u0105zanych z brakiem z\u0142o\u017cenia stosownej deklaracji lub zap\u0142aty podatku w ustawowym terminie, czyli przede wszystkim przest\u0119pstwami lub wykroczeniami z art. 54 Kodeksu karnego skarbowego, je\u017celi jednak mamy na sumieniu gorsze przest\u0119pstwa lub wykroczenia skarbowe, a organy podatkowe nie zainteresowa\u0142y si\u0119 jeszcze nami, to warto r\u00f3wnie\u017c skorzysta\u0107 z instytucji czynnego \u017calu.<\/p>\n<p class=\"brz-ff-noto_serif brz-ft-google brz-fw-lg-400 brz-fw-sm-im-400 brz-fw-xs-im-400 brz-fs-lg-16 brz-fs-sm-im-15 brz-fs-xs-im-15 brz-lh-lg-1_6 brz-lh-sm-im-1_7 brz-lh-xs-im-1_7 brz-css-y17Ll\">\n<p class=\"brz-ls-lg-0 brz-ls-sm-im-3 brz-ls-xs-im-3 brz-text-lg-justify brz-ff-noto_serif brz-ft-google brz-fw-lg-400 brz-fw-sm-im-400 brz-fw-xs-im-400 brz-lh-lg-1_6 brz-lh-sm-im-1_7 brz-lh-xs-im-1_7 brz-fs-lg-18 brz-fs-sm-im-17 brz-fs-xs-im-17 brz-css-iLJ9a\">\t<strong>Je\u015bli wi\u0119c wiesz, \u017ce dopu\u015bci\u0142e\u015b si\u0119 przest\u0119pstwa lub wykroczenia skarbowego i obawiasz si\u0119, \u017ce nied\u0142ugo organy podatkowe uruchomi\u0105 przeciwko Tobie ca\u0142\u0105 machin\u0119 procedury karnoskarbowej, zg\u0142o\u015b si\u0119, a pomog\u0119 Ci sporz\u0105dzi\u0107 pismo z pro\u015bb\u0105 o skorzystanie z instytucji czynnego \u017calu i pokieruj\u0119 Ci\u0119 co robi\u0107 dalej. <\/strong><\/p>\n<\/div>\n<\/div>\n<\/div>\n<\/div>\n<\/div>\n<\/div>\n<\/div>\n<div id=\"\" class=\"brz-css-wQBni brz-wrapper\">\n<div class=\"brz-menu-simple brz-css-wFlDY brz-css-qVDKs\">\n<div style=\"min-height:20px\"><\/div>\n<\/div>\n<\/div>\n<\/div>\n<\/div>\n<\/section>\n<\/div>\n<p>    <!-- version:1736350904 --><\/p>\n","protected":false},"excerpt":{"rendered":"<p>CZYNNY \u017bAL, CZYLI JAK SI\u0118 RATOWA\u0106, KIEDY NIE ZAP\u0141ACI\u0141EM W TERMINIE PODATKU Wed\u0142ug znanego powiedzenia w \u017cyciu pewne s\u0105 tylko dwie pewne rzeczy \u2013 \u015bmier\u0107 i podatki. Praktyka \u017cyciowa pokazuje nam, \u017ce w gruncie rzeczy to powiedzenie sprawdza si\u0119 i o ile ze \u015bmierci\u0105 raczej negocjowa\u0107 si\u0119 nie da, to mo\u017cemy stara\u0107 si\u0119 unikn\u0105\u0107 negatywnych&hellip;&nbsp;<a href=\"https:\/\/kancelaria-walczuk.pl\/index.php\/6b84d-charity-brizy-homepage-2-2-4-2-2-2-2\/\" rel=\"bookmark\">Dowiedz si\u0119 wi\u0119cej &raquo;<span class=\"screen-reader-text\">CZYNNY \u017bAL, CZYLI JAK SI\u0118 RATOWA\u0106, KIEDY NIE ZAP\u0141ACI\u0141EM W TERMINIE PODATKU<\/span><\/a><\/p>\n","protected":false},"author":1,"featured_media":0,"parent":0,"menu_order":0,"comment_status":"closed","ping_status":"closed","template":"page-templates\/template-pagebuilder-full-width.php","meta":{"neve_meta_sidebar":"","neve_meta_container":"","neve_meta_enable_content_width":"","neve_meta_content_width":70,"neve_meta_title_alignment":"","neve_meta_author_avatar":"","neve_post_elements_order":"","neve_meta_disable_header":"","neve_meta_disable_footer":"","neve_meta_disable_title":"","footnotes":""},"class_list":["post-1146","page","type-page","status-publish","hentry"],"brizy_media":[{"id":137,"url":"https:\/\/kancelaria-walczuk.pl\/wp-content\/uploads\/2019\/06\/abigail-keenan-27292-unsplash.jpg","name":"abigail-keenan-27292-unsplash.jpg","meta":{"brizy_attachment_uid":"wp-8e87f5b5bff31d25a4e428370040ea83","brizy_post_uid":["78d69da7b9ff3ef9c9dacf3b79c1b6ca"]}},{"id":138,"url":"https:\/\/kancelaria-walczuk.pl\/wp-content\/uploads\/2019\/06\/capturing-the-human-heart-227847-unsplash.jpg","name":"capturing-the-human-heart-227847-unsplash.jpg","meta":{"brizy_attachment_uid":"wp-c7c038b49de8244bb1606c98e4b06fc3","brizy_post_uid":["78d69da7b9ff3ef9c9dacf3b79c1b6ca"]}},{"id":139,"url":"https:\/\/kancelaria-walczuk.pl\/wp-content\/uploads\/2019\/06\/bill-wegener-391233-unsplash.jpg","name":"bill-wegener-391233-unsplash.jpg","meta":{"brizy_attachment_uid":"wp-3a69977451639fe7746ac85a1bfb7f4c","brizy_post_uid":["78d69da7b9ff3ef9c9dacf3b79c1b6ca"]}},{"id":140,"url":"https:\/\/kancelaria-walczuk.pl\/wp-content\/uploads\/2019\/06\/avel-chuklanov-686841-unsplash.jpg","name":"avel-chuklanov-686841-unsplash.jpg","meta":{"brizy_attachment_uid":"wp-6fe4dd9efd95cec9d96d964cb3ad8daf","brizy_post_uid":["78d69da7b9ff3ef9c9dacf3b79c1b6ca"]}},{"id":141,"url":"https:\/\/kancelaria-walczuk.pl\/wp-content\/uploads\/2019\/06\/annie-spratt-135307-unsplash.jpg","name":"annie-spratt-135307-unsplash.jpg","meta":{"brizy_attachment_uid":"wp-68f58d57dd4fd9c8b24e1c233a169c86","brizy_post_uid":["78d69da7b9ff3ef9c9dacf3b79c1b6ca"]}},{"id":142,"url":"https:\/\/kancelaria-walczuk.pl\/wp-content\/uploads\/2019\/06\/annie-spratt-427337-unsplash-1024x681-1.jpg","name":"annie-spratt-427337-unsplash-1024x681-1.jpg","meta":{"brizy_attachment_uid":"wp-cd4f2c746a7dff99b7890916a7e6da09","brizy_post_uid":["78d69da7b9ff3ef9c9dacf3b79c1b6ca"]}},{"id":187,"url":"https:\/\/kancelaria-walczuk.pl\/wp-content\/uploads\/2021\/01\/serious-mature-lawyer-reading-document-on-desk-in-the-courtroom-\u2014-kopia-scaled.jpg","name":"serious-mature-lawyer-reading-document-on-desk-in-the-courtroom-\u2014-kopia.jpg","meta":{"brizy_attachment_uid":"wp-4ec8388e581bc921de7efeef21c3b19b.jpg","brizy_post_uid":["78d69da7b9ff3ef9c9dacf3b79c1b6ca"]}},{"id":219,"url":"https:\/\/kancelaria-walczuk.pl\/wp-content\/uploads\/brizy\/149\/assets\/images\/8e27938eef48750b66f2c1642dc0c1a6b8eb64fa.jpeg","name":"8e27938eef48750b66f2c1642dc0c1a6b8eb64fa.jpeg","meta":{"brizy_attachment_uid":"8e27938eef48750b66f2c1642dc0c1a6b8eb64fa.jpeg","brizy_post_uid":["78d69da7b9ff3ef9c9dacf3b79c1b6ca"]}},{"id":220,"url":"https:\/\/kancelaria-walczuk.pl\/wp-content\/uploads\/brizy\/149\/assets\/images\/c6a70296fe7ba65ddd74e69dd73c638c5761f68b.jpeg","name":"c6a70296fe7ba65ddd74e69dd73c638c5761f68b.jpeg","meta":{"brizy_attachment_uid":"c6a70296fe7ba65ddd74e69dd73c638c5761f68b.jpeg","brizy_post_uid":["78d69da7b9ff3ef9c9dacf3b79c1b6ca"]}},{"id":221,"url":"https:\/\/kancelaria-walczuk.pl\/wp-content\/uploads\/brizy\/149\/assets\/images\/a6eff2e1248bc9f109698722d06cb14668d029d4.jpeg","name":"a6eff2e1248bc9f109698722d06cb14668d029d4.jpeg","meta":{"brizy_attachment_uid":"a6eff2e1248bc9f109698722d06cb14668d029d4.jpeg","brizy_post_uid":["78d69da7b9ff3ef9c9dacf3b79c1b6ca"]}},{"id":306,"url":"https:\/\/kancelaria-walczuk.pl\/wp-content\/uploads\/2021\/01\/court-hammer-books-judgment-law-concept-scaled-e1609701318275-720x1024-1.jpg","name":"court-hammer-books-judgment-law-concept-scaled-e1609701318275-720x1024-1.jpg","meta":{"brizy_attachment_uid":"wp-3ac584f4869164a3cbb61aea2c1ddaa6.jpg","brizy_post_uid":["78d69da7b9ff3ef9c9dacf3b79c1b6ca"]}},{"id":430,"url":"https:\/\/kancelaria-walczuk.pl\/wp-content\/uploads\/2021\/01\/parag.jpg","name":"parag.jpg","meta":{"brizy_attachment_uid":"wp-9601e7e4893ae5c27356151bb6c987ee.jpg","brizy_post_uid":["78d69da7b9ff3ef9c9dacf3b79c1b6ca"]}},{"id":500,"url":"https:\/\/kancelaria-walczuk.pl\/wp-content\/uploads\/2021\/01\/Beznazwy-1.jpg","name":"Beznazwy-1.jpg","meta":{"brizy_attachment_uid":"wp-e9815299647b61a44f379f3a25b5cdc8.jpg","brizy_post_uid":["78d69da7b9ff3ef9c9dacf3b79c1b6ca"]}},{"id":565,"url":"https:\/\/kancelaria-walczuk.pl\/wp-content\/uploads\/2021\/01\/mlotek-scaled.jpg","name":"mlotek.jpg","meta":{"brizy_attachment_uid":"wp-93d749c66a45726daab29abeda234e23.jpg","brizy_post_uid":["78d69da7b9ff3ef9c9dacf3b79c1b6ca"]}},{"id":574,"url":"https:\/\/kancelaria-walczuk.pl\/wp-content\/uploads\/2021\/01\/sub_selling_your_business.jpg","name":"sub_selling_your_business.jpg","meta":{"brizy_attachment_uid":"wp-4d9dff9f23abace20dc3d2b0f27b191e.jpg","brizy_post_uid":["78d69da7b9ff3ef9c9dacf3b79c1b6ca"]}},{"id":629,"url":"https:\/\/kancelaria-walczuk.pl\/wp-content\/uploads\/brizy\/605\/assets\/images\/1f0e63565b71c046a2b753528d54c137faaad949.jpeg","name":"1f0e63565b71c046a2b753528d54c137faaad949.jpeg","meta":{"brizy_attachment_uid":"1f0e63565b71c046a2b753528d54c137faaad949.jpeg","brizy_post_uid":["78d69da7b9ff3ef9c9dacf3b79c1b6ca"]}},{"id":630,"url":"https:\/\/kancelaria-walczuk.pl\/wp-content\/uploads\/brizy\/605\/assets\/images\/d3e637a2ecd213d20b7259a13ae31b1d1bd146fa.jpeg","name":"d3e637a2ecd213d20b7259a13ae31b1d1bd146fa.jpeg","meta":{"brizy_attachment_uid":"d3e637a2ecd213d20b7259a13ae31b1d1bd146fa.jpeg","brizy_post_uid":["78d69da7b9ff3ef9c9dacf3b79c1b6ca"]}},{"id":631,"url":"https:\/\/kancelaria-walczuk.pl\/wp-content\/uploads\/brizy\/605\/assets\/images\/32a61f3becbfc6ffe65fda9c27afd59d398ccb01.jpeg","name":"32a61f3becbfc6ffe65fda9c27afd59d398ccb01.jpeg","meta":{"brizy_attachment_uid":"32a61f3becbfc6ffe65fda9c27afd59d398ccb01.jpeg","brizy_post_uid":["78d69da7b9ff3ef9c9dacf3b79c1b6ca"]}},{"id":719,"url":"https:\/\/kancelaria-walczuk.pl\/wp-content\/uploads\/brizy\/605\/assets\/images\/dd81059582abb5710fa8ca1da32a825a4f4bc587.jpeg","name":"dd81059582abb5710fa8ca1da32a825a4f4bc587.jpeg","meta":{"brizy_attachment_uid":"dd81059582abb5710fa8ca1da32a825a4f4bc587.jpeg","brizy_post_uid":["78d69da7b9ff3ef9c9dacf3b79c1b6ca"]}},{"id":720,"url":"https:\/\/kancelaria-walczuk.pl\/wp-content\/uploads\/brizy\/605\/assets\/images\/e3959c03766425afcfa8bd16e72fb505b6221ae1.jpeg","name":"e3959c03766425afcfa8bd16e72fb505b6221ae1.jpeg","meta":{"brizy_attachment_uid":"e3959c03766425afcfa8bd16e72fb505b6221ae1.jpeg","brizy_post_uid":["78d69da7b9ff3ef9c9dacf3b79c1b6ca"]}},{"id":947,"url":"https:\/\/kancelaria-walczuk.pl\/wp-content\/uploads\/brizy\/852\/assets\/images\/920e5c1564cf73952005b9cec9bf405f11e2cee2.jpeg","name":"920e5c1564cf73952005b9cec9bf405f11e2cee2.jpeg","meta":{"brizy_attachment_uid":"920e5c1564cf73952005b9cec9bf405f11e2cee2.jpeg","brizy_post_uid":["78d69da7b9ff3ef9c9dacf3b79c1b6ca"]}},{"id":948,"url":"https:\/\/kancelaria-walczuk.pl\/wp-content\/uploads\/brizy\/852\/assets\/images\/46d0f3a91b12d935f7bc516a7a83e77c7dff302b.jpeg","name":"46d0f3a91b12d935f7bc516a7a83e77c7dff302b.jpeg","meta":{"brizy_attachment_uid":"46d0f3a91b12d935f7bc516a7a83e77c7dff302b.jpeg","brizy_post_uid":["78d69da7b9ff3ef9c9dacf3b79c1b6ca"]}},{"id":949,"url":"https:\/\/kancelaria-walczuk.pl\/wp-content\/uploads\/brizy\/852\/assets\/images\/5ed19f44527a8d24f3c9faafddb5a71e7e00d067.jpeg","name":"5ed19f44527a8d24f3c9faafddb5a71e7e00d067.jpeg","meta":{"brizy_attachment_uid":"5ed19f44527a8d24f3c9faafddb5a71e7e00d067.jpeg","brizy_post_uid":["78d69da7b9ff3ef9c9dacf3b79c1b6ca"]}},{"id":950,"url":"https:\/\/kancelaria-walczuk.pl\/wp-content\/uploads\/brizy\/852\/assets\/images\/8ea1d313879b777245777e356daaca4e5b5e7e64.jpeg","name":"8ea1d313879b777245777e356daaca4e5b5e7e64.jpeg","meta":{"brizy_attachment_uid":"8ea1d313879b777245777e356daaca4e5b5e7e64.jpeg","brizy_post_uid":["78d69da7b9ff3ef9c9dacf3b79c1b6ca"]}},{"id":967,"url":"https:\/\/kancelaria-walczuk.pl\/wp-content\/uploads\/brizy\/952\/assets\/images\/f1d5b9ba221f885cebd4219a14432290760d6cb3.jpeg","name":"f1d5b9ba221f885cebd4219a14432290760d6cb3.jpeg","meta":{"brizy_attachment_uid":"f1d5b9ba221f885cebd4219a14432290760d6cb3.jpeg","brizy_post_uid":["78d69da7b9ff3ef9c9dacf3b79c1b6ca"]}},{"id":968,"url":"https:\/\/kancelaria-walczuk.pl\/wp-content\/uploads\/brizy\/952\/assets\/images\/e24c12891fd453c58717e803fa1a0bc64b93fb51.jpeg","name":"e24c12891fd453c58717e803fa1a0bc64b93fb51.jpeg","meta":{"brizy_attachment_uid":"e24c12891fd453c58717e803fa1a0bc64b93fb51.jpeg","brizy_post_uid":["78d69da7b9ff3ef9c9dacf3b79c1b6ca"]}},{"id":969,"url":"https:\/\/kancelaria-walczuk.pl\/wp-content\/uploads\/brizy\/952\/assets\/images\/eefbdef5554305e6312a2ebb23d4d116c4454ab4.jpeg","name":"eefbdef5554305e6312a2ebb23d4d116c4454ab4.jpeg","meta":{"brizy_attachment_uid":"eefbdef5554305e6312a2ebb23d4d116c4454ab4.jpeg","brizy_post_uid":["78d69da7b9ff3ef9c9dacf3b79c1b6ca"]}},{"id":1039,"url":"https:\/\/kancelaria-walczuk.pl\/wp-content\/uploads\/2021\/01\/stamp-4969581_1920.jpg","name":"stamp-4969581_1920.jpg","meta":{"brizy_attachment_uid":"wp-3d5cdd3b14c9c7ff7a9728c1556657fc.jpg","brizy_post_uid":["78d69da7b9ff3ef9c9dacf3b79c1b6ca"]}}],"_links":{"self":[{"href":"https:\/\/kancelaria-walczuk.pl\/index.php\/wp-json\/wp\/v2\/pages\/1146","targetHints":{"allow":["GET"]}}],"collection":[{"href":"https:\/\/kancelaria-walczuk.pl\/index.php\/wp-json\/wp\/v2\/pages"}],"about":[{"href":"https:\/\/kancelaria-walczuk.pl\/index.php\/wp-json\/wp\/v2\/types\/page"}],"author":[{"embeddable":true,"href":"https:\/\/kancelaria-walczuk.pl\/index.php\/wp-json\/wp\/v2\/users\/1"}],"replies":[{"embeddable":true,"href":"https:\/\/kancelaria-walczuk.pl\/index.php\/wp-json\/wp\/v2\/comments?post=1146"}],"version-history":[{"count":3,"href":"https:\/\/kancelaria-walczuk.pl\/index.php\/wp-json\/wp\/v2\/pages\/1146\/revisions"}],"predecessor-version":[{"id":1163,"href":"https:\/\/kancelaria-walczuk.pl\/index.php\/wp-json\/wp\/v2\/pages\/1146\/revisions\/1163"}],"wp:attachment":[{"href":"https:\/\/kancelaria-walczuk.pl\/index.php\/wp-json\/wp\/v2\/media?parent=1146"}],"curies":[{"name":"wp","href":"https:\/\/api.w.org\/{rel}","templated":true}]}}