{"id":1129,"date":"2021-01-10T14:13:48","date_gmt":"2021-01-10T14:13:48","guid":{"rendered":"http:\/\/kancelaria-walczuk.pl\/?page_id=1129"},"modified":"2026-04-12T03:03:40","modified_gmt":"2026-04-12T03:03:40","slug":"6b84d-charity-brizy-homepage-2-2-4-2-2-2","status":"publish","type":"page","link":"https:\/\/kancelaria-walczuk.pl\/index.php\/6b84d-charity-brizy-homepage-2-2-4-2-2-2\/","title":{"rendered":"S\u0104DOWY ZAKAZ PROWADZENIA POJAZD\u00d3W \u2013 CZY MO\u017bNA GO OMIN\u0104\u0106?"},"content":{"rendered":"<div class=\"brz-root__container brz-reset-all brz\">\n<section id=\"about\" class=\"brz-section brz-css-r25kE\">\n<div class=\"brz-section__content brz-section--boxed brz-css-jT9Wj brz-css-sCtX8\" data-brz-custom-id=\"epcmjzgbqzuevoswgvcfqmymxlslekqikjjb\">\n<div class=\"brz-bg\">\n<div class=\"brz-bg-image\"><\/div>\n<div class=\"brz-bg-color\"><\/div>\n<\/div>\n<div class=\"brz-container brz-css-fBNYD\">\n<div id=\"\" class=\"brz-css-p625B brz-wrapper\">\n<div class=\"brz-rich-text brz-rich-text__custom brz-css-g5J4w\" data-brz-custom-id=\"dgzjadkekqkrdrzqxjecdfrbvkrnrecypnii\">\n<div data-brz-translate-text=\"1\">\n<h2 class=\"brz-fs-xs-im-7 brz-fs-sm-im-7 brz-fs-lg-40 brz-fw-xs-im-400 brz-fw-sm-im-400 brz-fw-lg-400 brz-ft-google brz-ff-noto_serif brz-ls-xs-im-m_1 brz-ls-sm-im-m_1 brz-ls-lg-0 brz-lh-xs-im-1_3 brz-lh-sm-im-1_3 brz-lh-lg-1 brz-text-lg-center brz-css-k0ug5\"><span class=\"brz-cp-color8\">S\u0104DOWY ZAKAZ PROWADZENIA POJAZD\u00d3W \u2013 CZY MO\u017bNA GO OMIN\u0104\u0106?<\/span><\/h2>\n<\/div>\n<\/div>\n<\/div>\n<\/div>\n<\/div>\n<\/section>\n<section id=\"_igflsplzwsjlyxkmuikgdobyuovlibcguslc\" class=\"brz-section brz-css-r25kE\">\n<div class=\"brz-section__content brz-section--boxed brz-css-jT9Wj brz-css-jtmNA\" data-brz-custom-id=\"pvmtbfmckwtdcnhasrwahtehtshkurfvkjgt\">\n<div class=\"brz-bg\">\n<div class=\"brz-bg-image\"><\/div>\n<div class=\"brz-bg-color\"><\/div>\n<\/div>\n<div class=\"brz-container brz-css-fBNYD\">\n<div class=\"brz-row__container brz-css-aj50k\" data-brz-custom-id=\"jsdgfdszgjfchplexbqjokjgacnokyleyugi\">\n<div class=\"brz-bg\"><\/div>\n<div class=\"brz-row brz-css-fiPH8 brz-css-nx19E\">\n<div class=\"brz-columns brz-css-x50RE brz-css-juzfW\" data-brz-custom-id=\"undebappgycfntdjowuchueodkdqczgbhaqa\">\n<div class=\"brz-bg\">\n<div class=\"brz-bg-color\"><\/div>\n<\/div>\n<div class=\"brz-column__items brz-css-gtz4K brz-css-oPQPO\">\n<div id=\"\" class=\"brz-css-p625B brz-wrapper\">\n<div class=\"brz-rich-text brz-rich-text__custom brz-css-g5J4w\" data-brz-custom-id=\"rqypryxmprxwhwplowpvkslzhhqpsneyloko\">\n<div data-brz-translate-text=\"1\">\n<p class=\"brz-ff-noto_serif brz-ft-google brz-fs-lg-16 brz-fs-sm-im-17 brz-fs-xs-im-17 brz-lh-lg-1_6 brz-lh-sm-im-1_7 brz-lh-xs-im-1_7 brz-fw-lg-400 brz-fw-sm-im-400 brz-fw-xs-im-400 brz-css-aSsbj\">\t<strong>S\u0105dowy zakaz prowadzenia pojazd\u00f3w mechanicznych za przest\u0119pstwa i wykroczenia przeciwko bezpiecze\u0144stwu w komunikacji okre\u015blone w kodeksie karnym oraz kodeksie wykrocze\u0144 s\u0105 sankcj\u0105 jaka mo\u017ce spotka\u0107 ka\u017cdego, kto narusza przepisy zwi\u0105zane z poruszaniem si\u0119 pojazdem mechanicznych po drodze publicznej, czy ka\u017cdej innej drodze, kt\u00f3ra normalnie jest przeznaczona do poruszania si\u0119 pojazd\u00f3w.<\/strong> Oczywi\u015bcie bezpiecze\u0144stwo na drogach jest najwa\u017cniejsze i nale\u017cy pot\u0119pia\u0107 wszelkie naruszenia przepis\u00f3w ruchu drogowego, w szczeg\u00f3lno\u015bci te zwi\u0105zane z prowadzeniem pojazd\u00f3w mechanicznych po u\u017cyciu, czy pod wp\u0142ywem alkoholu. W przypadku jednak, kiedy zosta\u0142o wobec nas wydane s\u0105dowe orzeczenie o zakazie prowadzenia pojazd\u00f3w mechanicznych, a my zrozumieli\u015bmy ju\u017c swoje winy, warto zastanowi\u0107 si\u0119, czy istnieje mo\u017cliwo\u015b\u0107 legalnego poruszania si\u0119 pojazdem mechanicznym, pomimo orzeczonego zakazu prowadzenia pojazd\u00f3w mechanicznych.<\/p>\n<p class=\"brz-ff-noto_serif brz-ft-google brz-fs-lg-16 brz-fs-sm-im-17 brz-fs-xs-im-17 brz-lh-lg-1_6 brz-lh-sm-im-1_7 brz-lh-xs-im-1_7 brz-fw-lg-400 brz-fw-sm-im-400 brz-fw-xs-im-400 brz-css-ePmBP\">\n<p class=\"brz-ff-noto_serif brz-ft-google brz-fs-lg-16 brz-fs-sm-im-17 brz-fs-xs-im-17 brz-lh-lg-1_6 brz-lh-sm-im-1_7 brz-lh-xs-im-1_7 brz-fw-lg-400 brz-fw-sm-im-400 brz-fw-xs-im-400 brz-css-d3mJs\">\t<strong>Przepisy prawa karnego wykonawczego daj\u0105 mo\u017cliwo\u015b\u0107 jazdy samochodem, nawet je\u017celi mamy aktualny orzeczony zakaz prowadzenia pojazd\u00f3w mechanicznych.<\/strong> Chodzi w tym wypadku konkretnie o przepis art. 182a Kodeksu karnego wykonawczego. Zgodnie ze wskazanym przepisem, je\u017celi zakaz prowadzenia pojazd\u00f3w by\u0142 wykonywany przez co najmniej po\u0142ow\u0119 orzeczonego okresu, a w przypadku orzeczenia przez s\u0105d do\u017cywotnego zakazu prowadzenia pojazd\u00f3w mechanicznych przez okres 10 lat, s\u0105d mo\u017ce orzec o dalszym wykonywaniu tego \u015brodka karnego w postaci zakazu prowadzenia pojazd\u00f3w niewyposa\u017conych w blokad\u0119 alkoholow\u0105, je\u017celi postawa, w\u0142a\u015bciwo\u015bci i warunki osobiste sprawcy oraz zachowanie si\u0119 w okresie wykonywania \u015brodka karnego uzasadniaj\u0105 przekonanie, \u017ce prowadzenie pojazdu przez t\u0119 osob\u0119 nie zagra\u017ca bezpiecze\u0144stwu w komunikacji. Koniecznym uwagi jest fakt, \u017ce je\u017celi w mi\u0119dzyczasie odbywali\u015bmy kar\u0119 pozbawienia wolno\u015bci to nie bierze si\u0119 pod uwag\u0119 okresu jej odbywania do obliczania okresu odbywania zakazu prowadzenia pojazd\u00f3w mechanicznych. W zwi\u0105zku z powy\u017cszym, je\u017celi odbyli\u015bmy ju\u017c po\u0142ow\u0119 orzeczonego zakazu prowadzenia pojazd\u00f3w mechanicznych, b\u0105d\u017a min\u0105\u0142 nam 10-letni okres w przypadku do\u017cywotniego zakazu prowadzenia pojazd\u00f3w, to mo\u017cemy wyst\u0105pi\u0107 do s\u0105du, kt\u00f3ry orzek\u0142 wobec nas zakaz prowadzenia pojazd\u00f3w mechanicznych, z wnioskiem o udzielenie zezwolenia na jazd\u0119 z tzw. blokad\u0105 alkoholow\u0105. Wniosek taki nie wymaga wnoszenia \u017cadnych op\u0142at s\u0105dowych. Odno\u015bnie tego, czy s\u0105d uwzgl\u0119dni nasz wniosek, to jak wspomina\u0142em wcze\u015bniej, b\u0119dzie zale\u017ca\u0142o to od naszej postawy, w\u0142a\u015bciwo\u015bci i warunk\u00f3w osobistych oraz zachowania si\u0119 w trakcie odbywania kary, tj. chodzi o to czy nie naruszali\u015bmy s\u0105dowego zakazu pojazd\u00f3w, czy przestrzegamy porz\u0105dku prawnego oraz o to, czy wywi\u0105zali\u015bmy si\u0119 z innych obowi\u0105zk\u00f3w wskazanych przez s\u0105d. Je\u017celi chodzi o wskazane obowi\u0105zki, to chodzi tu o zw\u0142aszcza o ewentualn\u0105 zap\u0142at\u0119 orzeczonej grzywny lub \u015bwiadczenia na rzecz Funduszu Pomocy Pokrzywdzonym i Pomocy Postpenitencjarnej oraz zas\u0105dzonych zado\u015b\u0107uczynie\u0144, a tak\u017ce czy wykonujemy chocia\u017cby orzeczon\u0105 kar\u0119 ograniczenia wolno\u015bci. Koniecznie nale\u017cy wspomnie\u0107, \u017ce w przypadku udzielenia przez s\u0105d zgody na zamian\u0119 formy wykonywania zakazu prowadzenia pojazd\u00f3w mechanicznych, mo\u017cemy nawet bra\u0107 udzia\u0142 w kursie na prawo jazdy i to bez konieczno\u015bci jazdy z blokad\u0105 alkoholow\u0105. <\/p>\n<p class=\"brz-ff-noto_serif brz-ft-google brz-fs-lg-16 brz-fs-sm-im-17 brz-fs-xs-im-17 brz-lh-lg-1_6 brz-lh-sm-im-1_7 brz-lh-xs-im-1_7 brz-fw-lg-400 brz-fw-sm-im-400 brz-fw-xs-im-400 brz-css-gOSLN\">\n<p class=\"brz-text-lg-justify brz-ls-xs-im-3 brz-ls-sm-im-3 brz-ls-lg-0 brz-ff-noto_serif brz-ft-google brz-lh-lg-1_6 brz-lh-sm-im-1_7 brz-lh-xs-im-1_7 brz-fw-lg-400 brz-fw-sm-im-400 brz-fw-xs-im-400 brz-fs-lg-18 brz-fs-sm-im-19 brz-fs-xs-im-19 brz-css-p0NVt\">\t<strong>Maj\u0105c na uwadze powy\u017csze, nale\u017cy uzna\u0107, \u017ce z\u0142o\u017cenie wniosku na zmian\u0119 formy wykonywania zakazu prowadzenia pojazd\u00f3w na mo\u017cliwo\u015b\u0107 jazdy z tzw. blokad\u0105 alkoholow\u0105 jest dobrym pomys\u0142em. Je\u017celi jeste\u015b zainteresowany pomoc\u0105 w zakresie napisania takiego wniosku to zapraszam do kontaktu!<\/strong><\/p>\n<\/div>\n<\/div>\n<\/div>\n<\/div>\n<\/div>\n<\/div>\n<\/div>\n<div id=\"\" class=\"brz-css-p625B brz-wrapper\">\n<div class=\"brz-menu-simple brz-css-yRCYI brz-css-rny8L\">\n<div style=\"min-height:20px\"><\/div>\n<\/div>\n<\/div>\n<\/div>\n<\/div>\n<\/section>\n<\/div>\n<p>    <!-- version:1734014062 --><\/p>\n","protected":false},"excerpt":{"rendered":"<p>S\u0104DOWY ZAKAZ PROWADZENIA POJAZD\u00d3W \u2013 CZY MO\u017bNA GO OMIN\u0104\u0106? S\u0105dowy zakaz prowadzenia pojazd\u00f3w mechanicznych za przest\u0119pstwa i wykroczenia przeciwko bezpiecze\u0144stwu w komunikacji okre\u015blone w kodeksie karnym oraz kodeksie wykrocze\u0144 s\u0105 sankcj\u0105 jaka mo\u017ce spotka\u0107 ka\u017cdego, kto narusza przepisy zwi\u0105zane z poruszaniem si\u0119 pojazdem mechanicznych po drodze publicznej, czy ka\u017cdej innej drodze, kt\u00f3ra normalnie jest przeznaczona&hellip;&nbsp;<a href=\"https:\/\/kancelaria-walczuk.pl\/index.php\/6b84d-charity-brizy-homepage-2-2-4-2-2-2\/\" rel=\"bookmark\">Dowiedz si\u0119 wi\u0119cej &raquo;<span class=\"screen-reader-text\">S\u0104DOWY ZAKAZ PROWADZENIA POJAZD\u00d3W \u2013 CZY MO\u017bNA GO OMIN\u0104\u0106?<\/span><\/a><\/p>\n","protected":false},"author":1,"featured_media":0,"parent":0,"menu_order":0,"comment_status":"closed","ping_status":"closed","template":"page-templates\/template-pagebuilder-full-width.php","meta":{"neve_meta_sidebar":"","neve_meta_container":"","neve_meta_enable_content_width":"","neve_meta_content_width":70,"neve_meta_title_alignment":"","neve_meta_author_avatar":"","neve_post_elements_order":"","neve_meta_disable_header":"","neve_meta_disable_footer":"","neve_meta_disable_title":"","footnotes":""},"class_list":["post-1129","page","type-page","status-publish","hentry"],"brizy_media":[{"id":137,"url":"https:\/\/kancelaria-walczuk.pl\/wp-content\/uploads\/2019\/06\/abigail-keenan-27292-unsplash.jpg","name":"abigail-keenan-27292-unsplash.jpg","meta":{"brizy_attachment_uid":"wp-8e87f5b5bff31d25a4e428370040ea83","brizy_post_uid":["78d69da7b9ff3ef9c9dacf3b79c1b6ca"]}},{"id":138,"url":"https:\/\/kancelaria-walczuk.pl\/wp-content\/uploads\/2019\/06\/capturing-the-human-heart-227847-unsplash.jpg","name":"capturing-the-human-heart-227847-unsplash.jpg","meta":{"brizy_attachment_uid":"wp-c7c038b49de8244bb1606c98e4b06fc3","brizy_post_uid":["78d69da7b9ff3ef9c9dacf3b79c1b6ca"]}},{"id":139,"url":"https:\/\/kancelaria-walczuk.pl\/wp-content\/uploads\/2019\/06\/bill-wegener-391233-unsplash.jpg","name":"bill-wegener-391233-unsplash.jpg","meta":{"brizy_attachment_uid":"wp-3a69977451639fe7746ac85a1bfb7f4c","brizy_post_uid":["78d69da7b9ff3ef9c9dacf3b79c1b6ca"]}},{"id":140,"url":"https:\/\/kancelaria-walczuk.pl\/wp-content\/uploads\/2019\/06\/avel-chuklanov-686841-unsplash.jpg","name":"avel-chuklanov-686841-unsplash.jpg","meta":{"brizy_attachment_uid":"wp-6fe4dd9efd95cec9d96d964cb3ad8daf","brizy_post_uid":["78d69da7b9ff3ef9c9dacf3b79c1b6ca"]}},{"id":141,"url":"https:\/\/kancelaria-walczuk.pl\/wp-content\/uploads\/2019\/06\/annie-spratt-135307-unsplash.jpg","name":"annie-spratt-135307-unsplash.jpg","meta":{"brizy_attachment_uid":"wp-68f58d57dd4fd9c8b24e1c233a169c86","brizy_post_uid":["78d69da7b9ff3ef9c9dacf3b79c1b6ca"]}},{"id":142,"url":"https:\/\/kancelaria-walczuk.pl\/wp-content\/uploads\/2019\/06\/annie-spratt-427337-unsplash-1024x681-1.jpg","name":"annie-spratt-427337-unsplash-1024x681-1.jpg","meta":{"brizy_attachment_uid":"wp-cd4f2c746a7dff99b7890916a7e6da09","brizy_post_uid":["78d69da7b9ff3ef9c9dacf3b79c1b6ca"]}},{"id":187,"url":"https:\/\/kancelaria-walczuk.pl\/wp-content\/uploads\/2021\/01\/serious-mature-lawyer-reading-document-on-desk-in-the-courtroom-\u2014-kopia-scaled.jpg","name":"serious-mature-lawyer-reading-document-on-desk-in-the-courtroom-\u2014-kopia.jpg","meta":{"brizy_attachment_uid":"wp-4ec8388e581bc921de7efeef21c3b19b.jpg","brizy_post_uid":["78d69da7b9ff3ef9c9dacf3b79c1b6ca"]}},{"id":219,"url":"https:\/\/kancelaria-walczuk.pl\/wp-content\/uploads\/brizy\/149\/assets\/images\/8e27938eef48750b66f2c1642dc0c1a6b8eb64fa.jpeg","name":"8e27938eef48750b66f2c1642dc0c1a6b8eb64fa.jpeg","meta":{"brizy_attachment_uid":"8e27938eef48750b66f2c1642dc0c1a6b8eb64fa.jpeg","brizy_post_uid":["78d69da7b9ff3ef9c9dacf3b79c1b6ca"]}},{"id":220,"url":"https:\/\/kancelaria-walczuk.pl\/wp-content\/uploads\/brizy\/149\/assets\/images\/c6a70296fe7ba65ddd74e69dd73c638c5761f68b.jpeg","name":"c6a70296fe7ba65ddd74e69dd73c638c5761f68b.jpeg","meta":{"brizy_attachment_uid":"c6a70296fe7ba65ddd74e69dd73c638c5761f68b.jpeg","brizy_post_uid":["78d69da7b9ff3ef9c9dacf3b79c1b6ca"]}},{"id":221,"url":"https:\/\/kancelaria-walczuk.pl\/wp-content\/uploads\/brizy\/149\/assets\/images\/a6eff2e1248bc9f109698722d06cb14668d029d4.jpeg","name":"a6eff2e1248bc9f109698722d06cb14668d029d4.jpeg","meta":{"brizy_attachment_uid":"a6eff2e1248bc9f109698722d06cb14668d029d4.jpeg","brizy_post_uid":["78d69da7b9ff3ef9c9dacf3b79c1b6ca"]}},{"id":306,"url":"https:\/\/kancelaria-walczuk.pl\/wp-content\/uploads\/2021\/01\/court-hammer-books-judgment-law-concept-scaled-e1609701318275-720x1024-1.jpg","name":"court-hammer-books-judgment-law-concept-scaled-e1609701318275-720x1024-1.jpg","meta":{"brizy_attachment_uid":"wp-3ac584f4869164a3cbb61aea2c1ddaa6.jpg","brizy_post_uid":["78d69da7b9ff3ef9c9dacf3b79c1b6ca"]}},{"id":430,"url":"https:\/\/kancelaria-walczuk.pl\/wp-content\/uploads\/2021\/01\/parag.jpg","name":"parag.jpg","meta":{"brizy_attachment_uid":"wp-9601e7e4893ae5c27356151bb6c987ee.jpg","brizy_post_uid":["78d69da7b9ff3ef9c9dacf3b79c1b6ca"]}},{"id":500,"url":"https:\/\/kancelaria-walczuk.pl\/wp-content\/uploads\/2021\/01\/Beznazwy-1.jpg","name":"Beznazwy-1.jpg","meta":{"brizy_attachment_uid":"wp-e9815299647b61a44f379f3a25b5cdc8.jpg","brizy_post_uid":["78d69da7b9ff3ef9c9dacf3b79c1b6ca"]}},{"id":565,"url":"https:\/\/kancelaria-walczuk.pl\/wp-content\/uploads\/2021\/01\/mlotek-scaled.jpg","name":"mlotek.jpg","meta":{"brizy_attachment_uid":"wp-93d749c66a45726daab29abeda234e23.jpg","brizy_post_uid":["78d69da7b9ff3ef9c9dacf3b79c1b6ca"]}},{"id":574,"url":"https:\/\/kancelaria-walczuk.pl\/wp-content\/uploads\/2021\/01\/sub_selling_your_business.jpg","name":"sub_selling_your_business.jpg","meta":{"brizy_attachment_uid":"wp-4d9dff9f23abace20dc3d2b0f27b191e.jpg","brizy_post_uid":["78d69da7b9ff3ef9c9dacf3b79c1b6ca"]}},{"id":629,"url":"https:\/\/kancelaria-walczuk.pl\/wp-content\/uploads\/brizy\/605\/assets\/images\/1f0e63565b71c046a2b753528d54c137faaad949.jpeg","name":"1f0e63565b71c046a2b753528d54c137faaad949.jpeg","meta":{"brizy_attachment_uid":"1f0e63565b71c046a2b753528d54c137faaad949.jpeg","brizy_post_uid":["78d69da7b9ff3ef9c9dacf3b79c1b6ca"]}},{"id":630,"url":"https:\/\/kancelaria-walczuk.pl\/wp-content\/uploads\/brizy\/605\/assets\/images\/d3e637a2ecd213d20b7259a13ae31b1d1bd146fa.jpeg","name":"d3e637a2ecd213d20b7259a13ae31b1d1bd146fa.jpeg","meta":{"brizy_attachment_uid":"d3e637a2ecd213d20b7259a13ae31b1d1bd146fa.jpeg","brizy_post_uid":["78d69da7b9ff3ef9c9dacf3b79c1b6ca"]}},{"id":631,"url":"https:\/\/kancelaria-walczuk.pl\/wp-content\/uploads\/brizy\/605\/assets\/images\/32a61f3becbfc6ffe65fda9c27afd59d398ccb01.jpeg","name":"32a61f3becbfc6ffe65fda9c27afd59d398ccb01.jpeg","meta":{"brizy_attachment_uid":"32a61f3becbfc6ffe65fda9c27afd59d398ccb01.jpeg","brizy_post_uid":["78d69da7b9ff3ef9c9dacf3b79c1b6ca"]}},{"id":719,"url":"https:\/\/kancelaria-walczuk.pl\/wp-content\/uploads\/brizy\/605\/assets\/images\/dd81059582abb5710fa8ca1da32a825a4f4bc587.jpeg","name":"dd81059582abb5710fa8ca1da32a825a4f4bc587.jpeg","meta":{"brizy_attachment_uid":"dd81059582abb5710fa8ca1da32a825a4f4bc587.jpeg","brizy_post_uid":["78d69da7b9ff3ef9c9dacf3b79c1b6ca"]}},{"id":720,"url":"https:\/\/kancelaria-walczuk.pl\/wp-content\/uploads\/brizy\/605\/assets\/images\/e3959c03766425afcfa8bd16e72fb505b6221ae1.jpeg","name":"e3959c03766425afcfa8bd16e72fb505b6221ae1.jpeg","meta":{"brizy_attachment_uid":"e3959c03766425afcfa8bd16e72fb505b6221ae1.jpeg","brizy_post_uid":["78d69da7b9ff3ef9c9dacf3b79c1b6ca"]}},{"id":947,"url":"https:\/\/kancelaria-walczuk.pl\/wp-content\/uploads\/brizy\/852\/assets\/images\/920e5c1564cf73952005b9cec9bf405f11e2cee2.jpeg","name":"920e5c1564cf73952005b9cec9bf405f11e2cee2.jpeg","meta":{"brizy_attachment_uid":"920e5c1564cf73952005b9cec9bf405f11e2cee2.jpeg","brizy_post_uid":["78d69da7b9ff3ef9c9dacf3b79c1b6ca"]}},{"id":948,"url":"https:\/\/kancelaria-walczuk.pl\/wp-content\/uploads\/brizy\/852\/assets\/images\/46d0f3a91b12d935f7bc516a7a83e77c7dff302b.jpeg","name":"46d0f3a91b12d935f7bc516a7a83e77c7dff302b.jpeg","meta":{"brizy_attachment_uid":"46d0f3a91b12d935f7bc516a7a83e77c7dff302b.jpeg","brizy_post_uid":["78d69da7b9ff3ef9c9dacf3b79c1b6ca"]}},{"id":949,"url":"https:\/\/kancelaria-walczuk.pl\/wp-content\/uploads\/brizy\/852\/assets\/images\/5ed19f44527a8d24f3c9faafddb5a71e7e00d067.jpeg","name":"5ed19f44527a8d24f3c9faafddb5a71e7e00d067.jpeg","meta":{"brizy_attachment_uid":"5ed19f44527a8d24f3c9faafddb5a71e7e00d067.jpeg","brizy_post_uid":["78d69da7b9ff3ef9c9dacf3b79c1b6ca"]}},{"id":950,"url":"https:\/\/kancelaria-walczuk.pl\/wp-content\/uploads\/brizy\/852\/assets\/images\/8ea1d313879b777245777e356daaca4e5b5e7e64.jpeg","name":"8ea1d313879b777245777e356daaca4e5b5e7e64.jpeg","meta":{"brizy_attachment_uid":"8ea1d313879b777245777e356daaca4e5b5e7e64.jpeg","brizy_post_uid":["78d69da7b9ff3ef9c9dacf3b79c1b6ca"]}},{"id":967,"url":"https:\/\/kancelaria-walczuk.pl\/wp-content\/uploads\/brizy\/952\/assets\/images\/f1d5b9ba221f885cebd4219a14432290760d6cb3.jpeg","name":"f1d5b9ba221f885cebd4219a14432290760d6cb3.jpeg","meta":{"brizy_attachment_uid":"f1d5b9ba221f885cebd4219a14432290760d6cb3.jpeg","brizy_post_uid":["78d69da7b9ff3ef9c9dacf3b79c1b6ca"]}},{"id":968,"url":"https:\/\/kancelaria-walczuk.pl\/wp-content\/uploads\/brizy\/952\/assets\/images\/e24c12891fd453c58717e803fa1a0bc64b93fb51.jpeg","name":"e24c12891fd453c58717e803fa1a0bc64b93fb51.jpeg","meta":{"brizy_attachment_uid":"e24c12891fd453c58717e803fa1a0bc64b93fb51.jpeg","brizy_post_uid":["78d69da7b9ff3ef9c9dacf3b79c1b6ca"]}},{"id":969,"url":"https:\/\/kancelaria-walczuk.pl\/wp-content\/uploads\/brizy\/952\/assets\/images\/eefbdef5554305e6312a2ebb23d4d116c4454ab4.jpeg","name":"eefbdef5554305e6312a2ebb23d4d116c4454ab4.jpeg","meta":{"brizy_attachment_uid":"eefbdef5554305e6312a2ebb23d4d116c4454ab4.jpeg","brizy_post_uid":["78d69da7b9ff3ef9c9dacf3b79c1b6ca"]}},{"id":1039,"url":"https:\/\/kancelaria-walczuk.pl\/wp-content\/uploads\/2021\/01\/stamp-4969581_1920.jpg","name":"stamp-4969581_1920.jpg","meta":{"brizy_attachment_uid":"wp-3d5cdd3b14c9c7ff7a9728c1556657fc.jpg","brizy_post_uid":["78d69da7b9ff3ef9c9dacf3b79c1b6ca"]}}],"_links":{"self":[{"href":"https:\/\/kancelaria-walczuk.pl\/index.php\/wp-json\/wp\/v2\/pages\/1129","targetHints":{"allow":["GET"]}}],"collection":[{"href":"https:\/\/kancelaria-walczuk.pl\/index.php\/wp-json\/wp\/v2\/pages"}],"about":[{"href":"https:\/\/kancelaria-walczuk.pl\/index.php\/wp-json\/wp\/v2\/types\/page"}],"author":[{"embeddable":true,"href":"https:\/\/kancelaria-walczuk.pl\/index.php\/wp-json\/wp\/v2\/users\/1"}],"replies":[{"embeddable":true,"href":"https:\/\/kancelaria-walczuk.pl\/index.php\/wp-json\/wp\/v2\/comments?post=1129"}],"version-history":[{"count":3,"href":"https:\/\/kancelaria-walczuk.pl\/index.php\/wp-json\/wp\/v2\/pages\/1129\/revisions"}],"predecessor-version":[{"id":1143,"href":"https:\/\/kancelaria-walczuk.pl\/index.php\/wp-json\/wp\/v2\/pages\/1129\/revisions\/1143"}],"wp:attachment":[{"href":"https:\/\/kancelaria-walczuk.pl\/index.php\/wp-json\/wp\/v2\/media?parent=1129"}],"curies":[{"name":"wp","href":"https:\/\/api.w.org\/{rel}","templated":true}]}}