{"id":1011,"date":"2021-01-10T13:36:36","date_gmt":"2021-01-10T13:36:36","guid":{"rendered":"http:\/\/kancelaria-walczuk.pl\/?page_id=1011"},"modified":"2026-04-12T04:34:47","modified_gmt":"2026-04-12T04:34:47","slug":"6b84d-charity-brizy-homepage-2-2-4-2-2","status":"publish","type":"page","link":"https:\/\/kancelaria-walczuk.pl\/index.php\/6b84d-charity-brizy-homepage-2-2-4-2-2\/","title":{"rendered":"PRAWOMOCNY NAKAZ ZAP\u0141ATY WYDANY NA PODSTAWIE WEKSLA IN BLANCO \u2013 CZY JU\u017b WSZYSTKO STRACONE?"},"content":{"rendered":"<div class=\"brz-root__container brz-reset-all brz\">\n<section id=\"about\" class=\"brz-section brz-css-oRh0K\">\n<div class=\"brz-section__content brz-section--boxed brz-css-oGVq4 brz-css-mASMJ\" data-brz-custom-id=\"epcmjzgbqzuevoswgvcfqmymxlslekqikjjb\">\n<div class=\"brz-bg\">\n<div class=\"brz-bg-image\"><\/div>\n<div class=\"brz-bg-color\"><\/div>\n<\/div>\n<div class=\"brz-container brz-css-pHgUQ\">\n<div id=\"\" class=\"brz-css-if95s brz-wrapper\">\n<div class=\"brz-rich-text brz-rich-text__custom brz-css-cn5xZ\" data-brz-custom-id=\"dgzjadkekqkrdrzqxjecdfrbvkrnrecypnii\">\n<div data-brz-translate-text=\"1\">\n<h2 class=\"brz-text-lg-center brz-lh-lg-1 brz-lh-sm-im-1_3 brz-lh-xs-im-1_3 brz-ls-lg-0 brz-ls-sm-im-m_1 brz-ls-xs-im-m_1 brz-ff-noto_serif brz-ft-google brz-fw-lg-400 brz-fw-sm-im-400 brz-fw-xs-im-400 brz-fs-lg-40 brz-fs-sm-im-7 brz-fs-xs-im-7 brz-css-mEVmv\"><span class=\"brz-cp-color8\">PRAWOMOCNY NAKAZ ZAP\u0141ATY WYDANY NA PODSTAWIE WEKSLA IN BLANCO \u2013 CZY JU\u017b WSZYSTKO STRACONE?<\/span><\/h2>\n<\/div>\n<\/div>\n<\/div>\n<\/div>\n<\/div>\n<\/section>\n<section id=\"_igflsplzwsjlyxkmuikgdobyuovlibcguslc\" class=\"brz-section brz-css-oRh0K\">\n<div class=\"brz-section__content brz-section--boxed brz-css-oGVq4 brz-css-a0P28\" data-brz-custom-id=\"pvmtbfmckwtdcnhasrwahtehtshkurfvkjgt\">\n<div class=\"brz-bg\">\n<div class=\"brz-bg-image\"><\/div>\n<div class=\"brz-bg-color\"><\/div>\n<\/div>\n<div class=\"brz-container brz-css-pHgUQ\">\n<div class=\"brz-row__container brz-css-vLSZs\" data-brz-custom-id=\"jsdgfdszgjfchplexbqjokjgacnokyleyugi\">\n<div class=\"brz-bg\"><\/div>\n<div class=\"brz-row brz-css-pkm47 brz-css-n1u4M\">\n<div class=\"brz-columns brz-css-oey24 brz-css-skV_u\" data-brz-custom-id=\"undebappgycfntdjowuchueodkdqczgbhaqa\">\n<div class=\"brz-bg\">\n<div class=\"brz-bg-color\"><\/div>\n<\/div>\n<div class=\"brz-column__items brz-css-qGFDy brz-css-sQ08t\">\n<div id=\"\" class=\"brz-css-if95s brz-wrapper\">\n<div class=\"brz-rich-text brz-rich-text__custom brz-css-cn5xZ\" data-brz-custom-id=\"rqypryxmprxwhwplowpvkslzhhqpsneyloko\">\n<div data-brz-translate-text=\"1\">\n<p class=\"brz-lh-xs-im-1_8 brz-lh-sm-im-1_8 brz-lh-lg-1_7 brz-fw-xs-im-400 brz-fw-sm-im-400 brz-fw-lg-400 brz-ft-google brz-ff-noto_serif brz-fs-lg-16 brz-fs-sm-im-17 brz-fs-xs-im-17 brz-mb-lg-3 brz-mt-lg-0 brz-css-tbn2J\">\t<strong>Ka\u017cdemu z nas mo\u017ce zdarzy\u0107 si\u0119 trudniejsza sytuacja w \u017cyciu, je\u017celi chodzi o stan naszych finans\u00f3w. <\/strong>W takim wypadku szukamy pomocy u naszych najbli\u017cszych, rodziny czy przyjaci\u00f3\u0142, prosz\u0105c o udzielenie pomocy finansowej. Cz\u0119sto jednak rozwi\u0105zaniem w takiej sytuacji zostaje po\u017cyczki w instytucji finansowej zajmuj\u0105cej si\u0119 udzielaniem szybkich po\u017cyczek, tzw. chwil\u00f3wek. Tego typu firmy udzielaj\u0105 takich po\u017cyczek do\u015b\u0107 ch\u0119tnie i szybko, wi\u0119c z pozoru jest to dobry pomys\u0142 na szybkie poprawienie swojej sytuacji materialnej. No w\u0142a\u015bnie, z pozoru, bo takie firmy cz\u0119sto obok samej kwoty po\u017cyczki i odsetek domagaj\u0105 si\u0119 zap\u0142aty wysokich koszt\u00f3w po\u017cyczki w postaci r\u00f3\u017cnego rodzaju prowizji, op\u0142at przygotowawczych itp. <strong> Dodatkowo, bardzo cz\u0119sto zdarza si\u0119, \u017ce obok samej umowy po\u017cyczki podpisujemy r\u00f3wnie\u017c zabezpieczenie sp\u0142aty po\u017cyczki w postaci weksla in blanco. <\/strong>Wiele os\u00f3b podpisuj\u0105c takie weksel nie zdaje sobie do ko\u0144ca sprawy czym on jest. W zwi\u0105zku z tym, odpowiedzmy sobie na pytanie \u2013 czym jest weksel in blanco i co on daje wierzycielowi?<\/p>\n<p class=\"brz-lh-xs-im-1_8 brz-lh-sm-im-1_8 brz-lh-lg-1_7 brz-fs-xs-im-18 brz-fs-sm-im-18 brz-fs-lg-17 brz-fw-xs-im-400 brz-fw-sm-im-400 brz-fw-lg-400 brz-ft-google brz-ff-noto_serif brz-css-nIfU2\"><\/p>\n<p class=\"brz-lh-xs-im-1_8 brz-lh-sm-im-1_8 brz-lh-lg-1_7 brz-fs-xs-im-18 brz-fs-sm-im-18 brz-fs-lg-17 brz-fw-xs-im-400 brz-fw-sm-im-400 brz-fw-lg-400 brz-ft-google brz-ff-noto_serif brz-css-m2S1T\">\t<strong>Weksel in blanco to, kt\u00f3ry w momencie wystawienia jest celowo nieuzupe\u0142niony (np. wystawiaj\u0105cy nie wpisuje kwoty wekslowej).<\/strong> Weksle takie s\u0105 przewa\u017cnie wykorzystywane przy zaci\u0105ganiu kredyt\u00f3w i po\u017cyczek. Najcz\u0119\u015bciej elementem, kt\u00f3ry zostaje pomini\u0119ty jest suma wekslowa, kt\u00f3r\u0105 wpisuje si\u0119 dopiero w momencie, kt\u00f3ry okre\u015bla deklaracja wekslowa, czyli dokument podaj\u0105cy, w jaki spos\u00f3b i przy zaj\u015bciu jakich okoliczno\u015bci weksel in blanco b\u0119dzie uzupe\u0142niony o brakuj\u0105ce elementy. Posiadanie przez instytucj\u0119 po\u017cyczkow\u0105, u kt\u00f3rej zaci\u0105gn\u0119li\u015bmy zobowi\u0105zanie tak wype\u0142nionego weksla in blanco daje mu mo\u017cliwo\u015b\u0107 skierowania do s\u0105du pozwu o wydanie przeciwko nam nakazu zap\u0142aty w post\u0119powaniu nakazowym. Uzyskanie przez instytucj\u0119 po\u017cyczkow\u0105 takiego nakazu zap\u0142aty przeciwko nam do tej pory nie by\u0142o trudne, gdy\u017c s\u0105dy cz\u0119sto niemal z automatu wydawa\u0142y takie nakazy zap\u0142aty, a i mniej kosztowne, gdy\u017c pow\u00f3d by\u0142 zmuszony do wniesienia jedynie \u00bc op\u0142aty s\u0105dowej od pozwu, a nie op\u0142aty w pe\u0142nej wysoko\u015bci, takiej gdyby zdecydowa\u0142 si\u0119 pozwa\u0107 nas w post\u0119powaniu zwyk\u0142ym b\u0105d\u017a stara\u0142 si\u0119 o uzyskanie nakazu zap\u0142aty w post\u0119powaniu upominawczym. Uzyskany przez naszego wierzyciela w ten spos\u00f3b nakaz zap\u0142aty staje si\u0119 automatycznie r\u00f3wnie\u017c tytu\u0142em zabezpieczenia, co oznacza, \u017ce nasz wierzyciel nie musi czeka\u0107 na uprawomocnienie si\u0119 go, czy w przypadku odwo\u0142ania si\u0119 przez nas od niego, do ko\u0144ca procesu s\u0105dowego, tylko od razy mo\u017ce uzyska\u0107 na niego klauzul\u0119 wykonalno\u015bci i skierowa\u0107 spraw\u0119 do komornika, aby ten zabezpieczy\u0142 odpowiednie \u015brodki na naszym koncie bankowym, czy zaj\u0105\u0142 nasze ruchomo\u015bci b\u0105d\u017a nieruchomo\u015bci. Na marginesie, odwo\u0142anie si\u0119 od takiego nakazu zap\u0142aty, czyli wniesienie zarzut\u00f3w od nakazu zap\u0142aty w post\u0119powaniu nakazowym nie jest takie proste, gdy\u017c wi\u0105\u017ce si\u0119 z wniesieniem op\u0142aty s\u0105dowej w wysoko\u015bci \u00be op\u0142aty s\u0105dowej, jak\u0105 nasz wierzyciel powinien zap\u0142aci\u0107 w przypadku zwyk\u0142ego post\u0119powania, wi\u0119c wy\u017csz\u0105 ni\u017c ta, kt\u00f3r\u0105 p\u0142aci nasz wierzyciel w post\u0119powaniu nakazowym. Praktyk\u0119 wykorzystywania weksli in blanco do zabezpieczania sp\u0142aty udzielanych po\u017cyczek stosuje wiele firm po\u017cyczkowych, w szczeg\u00f3lno\u015bci firma Profi Credit Polska S.A. z Bielska-Bia\u0142ej.<\/p>\n<p class=\"brz-lh-xs-im-1_8 brz-lh-sm-im-1_8 brz-lh-lg-1_7 brz-fs-xs-im-18 brz-fs-sm-im-18 brz-fs-lg-17 brz-fw-xs-im-400 brz-fw-sm-im-400 brz-fw-lg-400 brz-ft-google brz-ff-noto_serif brz-css-r_Q31\"><\/p>\n<p class=\"brz-lh-xs-im-1_8 brz-lh-sm-im-1_8 brz-lh-lg-1_7 brz-fs-xs-im-18 brz-fs-sm-im-18 brz-fs-lg-17 brz-fw-xs-im-400 brz-fw-sm-im-400 brz-fw-lg-400 brz-ft-google brz-ff-noto_serif brz-css-vsBKg\">\t<strong>W tym miejscu pojawia si\u0119 pytanie, co w sytuacji, kiedy z jakich\u015b powod\u00f3w nie odwo\u0142amy si\u0119 od otrzymanego przez nas nakazu zap\u0142aty w post\u0119powaniu nakazowym, nawet je\u015bli go nam prawid\u0142owo dor\u0119czono?<\/strong> Czy ju\u017c nie da si\u0119 nic zrobi\u0107 w tej sytuacji? Ot\u00f3\u017c, nie musi to wcale oznacza\u0107 ko\u0144ca naszych zmaga\u0144 o swoje prawa! Takie mo\u017cliwo\u015bci daje najnowsze orzecznictwo Trybuna\u0142u Sprawiedliwo\u015bci Unii Europejskiej i S\u0105du Najwy\u017cszego. W wyroku C-176\/17 Trybuna\u0142 Sprawiedliwo\u015bci Unii Europejskiej wskaza\u0142, \u017ce przewidziane w kodeksie post\u0119powania cywilnego wymogi formalne, kt\u00f3rymi obwarowana jest mo\u017cliwo\u015b\u0107 wniesienia zarzut\u00f3w od nakazu zap\u0142aty nie pozwalaj\u0105 uzna\u0107, \u017ce mo\u017cliwo\u015b\u0107 ta gwarantuje konsumentowi wystarczaj\u0105c\u0105 mo\u017cliwo\u015b\u0107 obrony jego praw. Dlatego s\u0105d z urz\u0119du musi upewni\u0107 si\u0119, \u017ce nakaz zap\u0142aty, o kt\u00f3ry wyst\u0119puje wierzyciel na podstawie weksla, nie b\u0119dzie narusza\u0142 unormowa\u0144 chroni\u0105cych konsumenta przed nieuczciwymi praktykami rynkowymi. Stanowisko Trybuna\u0142u Sprawiedliwo\u015bci Unii Europejskiej zosta\u0142o potwierdzone w wyroku S\u0105du Najwy\u017cszego z dnia 28 pa\u017adziernika 2020 r. wydanym w sprawie o sygn. akt I NSNc 22\/20 na skutek skargi nadzwyczajnej Prokuratora Generalnego, gdzie S\u0105d Najwy\u017cszy uwzgl\u0119dni\u0142 skarg\u0119, uchyli\u0142 nakaz zap\u0142aty i przekaza\u0142 spraw\u0119 do S\u0105du Rejonowego do ponownego rozpoznania. Oznacza to, \u017ce sprawa d\u0142u\u017cnika zostania ponownie rozpoznana przez ten\u017ce s\u0105d, a ewentualna egzekucja komornicza zostanie umorzona.<\/p>\n<p class=\"brz-lh-xs-im-1_8 brz-lh-sm-im-1_8 brz-lh-lg-1_7 brz-fs-xs-im-18 brz-fs-sm-im-18 brz-fs-lg-17 brz-fw-xs-im-400 brz-fw-sm-im-400 brz-fw-lg-400 brz-ft-google brz-ff-noto_serif brz-css-eynBf\"><\/p>\n<p class=\"brz-lh-xs-im-1_8 brz-lh-sm-im-1_8 brz-lh-lg-1_7 brz-fs-xs-im-18 brz-fs-sm-im-18 brz-fs-lg-17 brz-fw-xs-im-400 brz-fw-sm-im-400 brz-fw-lg-400 brz-ft-google brz-ff-noto_serif brz-css-k3IXN\">\t<strong>W zwi\u0105zku z tym, co musimy zrobi\u0107, aby S\u0105d Najwy\u017cszy zaj\u0105\u0142 si\u0119 nasz\u0105 spraw\u0105? <\/strong>Czy mo\u017cemy wnie\u015b\u0107 tak\u0105 skarg\u0119 nadzwyczajn\u0105 sami? Niestety, nie mo\u017cemy. Jak stanowi art. 89 \u00a7 2 ustawy o S\u0105dzie Najwy\u017cszym, tak\u0105 skarg\u0119 mo\u017ce wnie\u015b\u0107 Prokurator Generalny, Rzecznik Praw Obywatelskich oraz, w zakresie swojej w\u0142a\u015bciwo\u015bci, Prezes Prokuratorii Generalnej Rzeczypospolitej Polskiej, Rzecznik Praw Dziecka, Rzecznik Praw Pacjenta, Przewodnicz\u0105cy Komisji Nadzoru Finansowego, Rzecznik Finansowy, Rzecznik Ma\u0142ych i \u015arednich Przedsi\u0119biorc\u00f3w i Prezes Urz\u0119du Ochrony Konkurencji i Konsument\u00f3w. Co wi\u0119c powinny\u015bmy zrobi\u0107? Skierowa\u0107 wniosek o wywiedzenie skargi nadzwyczajnej do jednego ze wskazanych podmiot\u00f3w. W naszej sytuacji najodpowiedniejszy do tego powinien wydawa\u0107 si\u0119 Prokurator Generalny, cho\u0107 nale\u017ca\u0142oby r\u00f3wnie\u017c rozwa\u017cy\u0107 wniesienie takiej skargi do Rzecznika Finansowego lub Prezesa Urz\u0119du Ochrony Konkurencji i Konsument\u00f3w. Wniosek taki nie wymaga wnoszenia \u017cadnych op\u0142at.<\/p>\n<p class=\"brz-lh-xs-im-1_8 brz-lh-sm-im-1_8 brz-lh-lg-1_7 brz-fs-xs-im-18 brz-fs-sm-im-18 brz-fs-lg-17 brz-fw-xs-im-400 brz-fw-sm-im-400 brz-fw-lg-400 brz-ft-google brz-ff-noto_serif brz-css-rAANU\"><\/p>\n<p class=\"brz-ls-lg-0 brz-ls-sm-im-3 brz-ls-xs-im-3 brz-ff-noto_serif brz-ft-google brz-fw-lg-700 brz-fw-sm-im-700 brz-fw-xs-im-700 brz-fs-lg-18 brz-fs-sm-im-16 brz-fs-xs-im-16 brz-text-lg-justify brz-lh-lg-1_6 brz-lh-sm-im-1_9 brz-lh-xs-im-1_9 brz-css-s8sxI\">\t<strong>Tak wi\u0119c, je\u017celi odebra\u0142e\u015b nakaz zap\u0142aty wydany w post\u0119powaniu nakazowym i nie wnios\u0142e\u015b od niego zarzut\u00f3w od nakazu zap\u0142aty, zg\u0142o\u015b si\u0119, a mog\u0119 pom\u00f3c przygotowa\u0107 wniosek o wywiedzenia skargi nadzwyczajnej w Twojej sprawie. <\/strong><\/p>\n<\/div>\n<\/div>\n<\/div>\n<\/div>\n<\/div>\n<\/div>\n<\/div>\n<div id=\"\" class=\"brz-css-if95s brz-wrapper\">\n<div class=\"brz-menu-simple brz-css-km4WV brz-css-h0pNt\">\n<div style=\"min-height:20px\"><\/div>\n<\/div>\n<\/div>\n<\/div>\n<\/div>\n<\/section>\n<\/div>\n<p>    <!-- version:1736350898 --><\/p>\n","protected":false},"excerpt":{"rendered":"<p>PRAWOMOCNY NAKAZ ZAP\u0141ATY WYDANY NA PODSTAWIE WEKSLA IN BLANCO \u2013 CZY JU\u017b WSZYSTKO STRACONE? Ka\u017cdemu z nas mo\u017ce zdarzy\u0107 si\u0119 trudniejsza sytuacja w \u017cyciu, je\u017celi chodzi o stan naszych finans\u00f3w. W takim wypadku szukamy pomocy u naszych najbli\u017cszych, rodziny czy przyjaci\u00f3\u0142, prosz\u0105c o udzielenie pomocy finansowej. Cz\u0119sto jednak rozwi\u0105zaniem w takiej sytuacji zostaje po\u017cyczki w&hellip;&nbsp;<a href=\"https:\/\/kancelaria-walczuk.pl\/index.php\/6b84d-charity-brizy-homepage-2-2-4-2-2\/\" rel=\"bookmark\">Dowiedz si\u0119 wi\u0119cej &raquo;<span class=\"screen-reader-text\">PRAWOMOCNY NAKAZ ZAP\u0141ATY WYDANY NA PODSTAWIE WEKSLA IN BLANCO \u2013 CZY JU\u017b WSZYSTKO STRACONE?<\/span><\/a><\/p>\n","protected":false},"author":1,"featured_media":0,"parent":0,"menu_order":0,"comment_status":"closed","ping_status":"closed","template":"page-templates\/template-pagebuilder-full-width.php","meta":{"neve_meta_sidebar":"","neve_meta_container":"","neve_meta_enable_content_width":"","neve_meta_content_width":70,"neve_meta_title_alignment":"","neve_meta_author_avatar":"","neve_post_elements_order":"","neve_meta_disable_header":"","neve_meta_disable_footer":"","neve_meta_disable_title":"","footnotes":""},"class_list":["post-1011","page","type-page","status-publish","hentry"],"brizy_media":[{"id":137,"url":"https:\/\/kancelaria-walczuk.pl\/wp-content\/uploads\/2019\/06\/abigail-keenan-27292-unsplash.jpg","name":"abigail-keenan-27292-unsplash.jpg","meta":{"brizy_attachment_uid":"wp-8e87f5b5bff31d25a4e428370040ea83","brizy_post_uid":["78d69da7b9ff3ef9c9dacf3b79c1b6ca"]}},{"id":138,"url":"https:\/\/kancelaria-walczuk.pl\/wp-content\/uploads\/2019\/06\/capturing-the-human-heart-227847-unsplash.jpg","name":"capturing-the-human-heart-227847-unsplash.jpg","meta":{"brizy_attachment_uid":"wp-c7c038b49de8244bb1606c98e4b06fc3","brizy_post_uid":["78d69da7b9ff3ef9c9dacf3b79c1b6ca"]}},{"id":139,"url":"https:\/\/kancelaria-walczuk.pl\/wp-content\/uploads\/2019\/06\/bill-wegener-391233-unsplash.jpg","name":"bill-wegener-391233-unsplash.jpg","meta":{"brizy_attachment_uid":"wp-3a69977451639fe7746ac85a1bfb7f4c","brizy_post_uid":["78d69da7b9ff3ef9c9dacf3b79c1b6ca"]}},{"id":140,"url":"https:\/\/kancelaria-walczuk.pl\/wp-content\/uploads\/2019\/06\/avel-chuklanov-686841-unsplash.jpg","name":"avel-chuklanov-686841-unsplash.jpg","meta":{"brizy_attachment_uid":"wp-6fe4dd9efd95cec9d96d964cb3ad8daf","brizy_post_uid":["78d69da7b9ff3ef9c9dacf3b79c1b6ca"]}},{"id":141,"url":"https:\/\/kancelaria-walczuk.pl\/wp-content\/uploads\/2019\/06\/annie-spratt-135307-unsplash.jpg","name":"annie-spratt-135307-unsplash.jpg","meta":{"brizy_attachment_uid":"wp-68f58d57dd4fd9c8b24e1c233a169c86","brizy_post_uid":["78d69da7b9ff3ef9c9dacf3b79c1b6ca"]}},{"id":142,"url":"https:\/\/kancelaria-walczuk.pl\/wp-content\/uploads\/2019\/06\/annie-spratt-427337-unsplash-1024x681-1.jpg","name":"annie-spratt-427337-unsplash-1024x681-1.jpg","meta":{"brizy_attachment_uid":"wp-cd4f2c746a7dff99b7890916a7e6da09","brizy_post_uid":["78d69da7b9ff3ef9c9dacf3b79c1b6ca"]}},{"id":187,"url":"https:\/\/kancelaria-walczuk.pl\/wp-content\/uploads\/2021\/01\/serious-mature-lawyer-reading-document-on-desk-in-the-courtroom-\u2014-kopia-scaled.jpg","name":"serious-mature-lawyer-reading-document-on-desk-in-the-courtroom-\u2014-kopia.jpg","meta":{"brizy_attachment_uid":"wp-4ec8388e581bc921de7efeef21c3b19b.jpg","brizy_post_uid":["78d69da7b9ff3ef9c9dacf3b79c1b6ca"]}},{"id":219,"url":"https:\/\/kancelaria-walczuk.pl\/wp-content\/uploads\/brizy\/149\/assets\/images\/8e27938eef48750b66f2c1642dc0c1a6b8eb64fa.jpeg","name":"8e27938eef48750b66f2c1642dc0c1a6b8eb64fa.jpeg","meta":{"brizy_attachment_uid":"8e27938eef48750b66f2c1642dc0c1a6b8eb64fa.jpeg","brizy_post_uid":["78d69da7b9ff3ef9c9dacf3b79c1b6ca"]}},{"id":220,"url":"https:\/\/kancelaria-walczuk.pl\/wp-content\/uploads\/brizy\/149\/assets\/images\/c6a70296fe7ba65ddd74e69dd73c638c5761f68b.jpeg","name":"c6a70296fe7ba65ddd74e69dd73c638c5761f68b.jpeg","meta":{"brizy_attachment_uid":"c6a70296fe7ba65ddd74e69dd73c638c5761f68b.jpeg","brizy_post_uid":["78d69da7b9ff3ef9c9dacf3b79c1b6ca"]}},{"id":221,"url":"https:\/\/kancelaria-walczuk.pl\/wp-content\/uploads\/brizy\/149\/assets\/images\/a6eff2e1248bc9f109698722d06cb14668d029d4.jpeg","name":"a6eff2e1248bc9f109698722d06cb14668d029d4.jpeg","meta":{"brizy_attachment_uid":"a6eff2e1248bc9f109698722d06cb14668d029d4.jpeg","brizy_post_uid":["78d69da7b9ff3ef9c9dacf3b79c1b6ca"]}},{"id":306,"url":"https:\/\/kancelaria-walczuk.pl\/wp-content\/uploads\/2021\/01\/court-hammer-books-judgment-law-concept-scaled-e1609701318275-720x1024-1.jpg","name":"court-hammer-books-judgment-law-concept-scaled-e1609701318275-720x1024-1.jpg","meta":{"brizy_attachment_uid":"wp-3ac584f4869164a3cbb61aea2c1ddaa6.jpg","brizy_post_uid":["78d69da7b9ff3ef9c9dacf3b79c1b6ca"]}},{"id":430,"url":"https:\/\/kancelaria-walczuk.pl\/wp-content\/uploads\/2021\/01\/parag.jpg","name":"parag.jpg","meta":{"brizy_attachment_uid":"wp-9601e7e4893ae5c27356151bb6c987ee.jpg","brizy_post_uid":["78d69da7b9ff3ef9c9dacf3b79c1b6ca"]}},{"id":500,"url":"https:\/\/kancelaria-walczuk.pl\/wp-content\/uploads\/2021\/01\/Beznazwy-1.jpg","name":"Beznazwy-1.jpg","meta":{"brizy_attachment_uid":"wp-e9815299647b61a44f379f3a25b5cdc8.jpg","brizy_post_uid":["78d69da7b9ff3ef9c9dacf3b79c1b6ca"]}},{"id":565,"url":"https:\/\/kancelaria-walczuk.pl\/wp-content\/uploads\/2021\/01\/mlotek-scaled.jpg","name":"mlotek.jpg","meta":{"brizy_attachment_uid":"wp-93d749c66a45726daab29abeda234e23.jpg","brizy_post_uid":["78d69da7b9ff3ef9c9dacf3b79c1b6ca"]}},{"id":574,"url":"https:\/\/kancelaria-walczuk.pl\/wp-content\/uploads\/2021\/01\/sub_selling_your_business.jpg","name":"sub_selling_your_business.jpg","meta":{"brizy_attachment_uid":"wp-4d9dff9f23abace20dc3d2b0f27b191e.jpg","brizy_post_uid":["78d69da7b9ff3ef9c9dacf3b79c1b6ca"]}},{"id":629,"url":"https:\/\/kancelaria-walczuk.pl\/wp-content\/uploads\/brizy\/605\/assets\/images\/1f0e63565b71c046a2b753528d54c137faaad949.jpeg","name":"1f0e63565b71c046a2b753528d54c137faaad949.jpeg","meta":{"brizy_attachment_uid":"1f0e63565b71c046a2b753528d54c137faaad949.jpeg","brizy_post_uid":["78d69da7b9ff3ef9c9dacf3b79c1b6ca"]}},{"id":630,"url":"https:\/\/kancelaria-walczuk.pl\/wp-content\/uploads\/brizy\/605\/assets\/images\/d3e637a2ecd213d20b7259a13ae31b1d1bd146fa.jpeg","name":"d3e637a2ecd213d20b7259a13ae31b1d1bd146fa.jpeg","meta":{"brizy_attachment_uid":"d3e637a2ecd213d20b7259a13ae31b1d1bd146fa.jpeg","brizy_post_uid":["78d69da7b9ff3ef9c9dacf3b79c1b6ca"]}},{"id":631,"url":"https:\/\/kancelaria-walczuk.pl\/wp-content\/uploads\/brizy\/605\/assets\/images\/32a61f3becbfc6ffe65fda9c27afd59d398ccb01.jpeg","name":"32a61f3becbfc6ffe65fda9c27afd59d398ccb01.jpeg","meta":{"brizy_attachment_uid":"32a61f3becbfc6ffe65fda9c27afd59d398ccb01.jpeg","brizy_post_uid":["78d69da7b9ff3ef9c9dacf3b79c1b6ca"]}},{"id":719,"url":"https:\/\/kancelaria-walczuk.pl\/wp-content\/uploads\/brizy\/605\/assets\/images\/dd81059582abb5710fa8ca1da32a825a4f4bc587.jpeg","name":"dd81059582abb5710fa8ca1da32a825a4f4bc587.jpeg","meta":{"brizy_attachment_uid":"dd81059582abb5710fa8ca1da32a825a4f4bc587.jpeg","brizy_post_uid":["78d69da7b9ff3ef9c9dacf3b79c1b6ca"]}},{"id":720,"url":"https:\/\/kancelaria-walczuk.pl\/wp-content\/uploads\/brizy\/605\/assets\/images\/e3959c03766425afcfa8bd16e72fb505b6221ae1.jpeg","name":"e3959c03766425afcfa8bd16e72fb505b6221ae1.jpeg","meta":{"brizy_attachment_uid":"e3959c03766425afcfa8bd16e72fb505b6221ae1.jpeg","brizy_post_uid":["78d69da7b9ff3ef9c9dacf3b79c1b6ca"]}},{"id":947,"url":"https:\/\/kancelaria-walczuk.pl\/wp-content\/uploads\/brizy\/852\/assets\/images\/920e5c1564cf73952005b9cec9bf405f11e2cee2.jpeg","name":"920e5c1564cf73952005b9cec9bf405f11e2cee2.jpeg","meta":{"brizy_attachment_uid":"920e5c1564cf73952005b9cec9bf405f11e2cee2.jpeg","brizy_post_uid":["78d69da7b9ff3ef9c9dacf3b79c1b6ca"]}},{"id":948,"url":"https:\/\/kancelaria-walczuk.pl\/wp-content\/uploads\/brizy\/852\/assets\/images\/46d0f3a91b12d935f7bc516a7a83e77c7dff302b.jpeg","name":"46d0f3a91b12d935f7bc516a7a83e77c7dff302b.jpeg","meta":{"brizy_attachment_uid":"46d0f3a91b12d935f7bc516a7a83e77c7dff302b.jpeg","brizy_post_uid":["78d69da7b9ff3ef9c9dacf3b79c1b6ca"]}},{"id":949,"url":"https:\/\/kancelaria-walczuk.pl\/wp-content\/uploads\/brizy\/852\/assets\/images\/5ed19f44527a8d24f3c9faafddb5a71e7e00d067.jpeg","name":"5ed19f44527a8d24f3c9faafddb5a71e7e00d067.jpeg","meta":{"brizy_attachment_uid":"5ed19f44527a8d24f3c9faafddb5a71e7e00d067.jpeg","brizy_post_uid":["78d69da7b9ff3ef9c9dacf3b79c1b6ca"]}},{"id":950,"url":"https:\/\/kancelaria-walczuk.pl\/wp-content\/uploads\/brizy\/852\/assets\/images\/8ea1d313879b777245777e356daaca4e5b5e7e64.jpeg","name":"8ea1d313879b777245777e356daaca4e5b5e7e64.jpeg","meta":{"brizy_attachment_uid":"8ea1d313879b777245777e356daaca4e5b5e7e64.jpeg","brizy_post_uid":["78d69da7b9ff3ef9c9dacf3b79c1b6ca"]}},{"id":967,"url":"https:\/\/kancelaria-walczuk.pl\/wp-content\/uploads\/brizy\/952\/assets\/images\/f1d5b9ba221f885cebd4219a14432290760d6cb3.jpeg","name":"f1d5b9ba221f885cebd4219a14432290760d6cb3.jpeg","meta":{"brizy_attachment_uid":"f1d5b9ba221f885cebd4219a14432290760d6cb3.jpeg","brizy_post_uid":["78d69da7b9ff3ef9c9dacf3b79c1b6ca"]}},{"id":968,"url":"https:\/\/kancelaria-walczuk.pl\/wp-content\/uploads\/brizy\/952\/assets\/images\/e24c12891fd453c58717e803fa1a0bc64b93fb51.jpeg","name":"e24c12891fd453c58717e803fa1a0bc64b93fb51.jpeg","meta":{"brizy_attachment_uid":"e24c12891fd453c58717e803fa1a0bc64b93fb51.jpeg","brizy_post_uid":["78d69da7b9ff3ef9c9dacf3b79c1b6ca"]}},{"id":969,"url":"https:\/\/kancelaria-walczuk.pl\/wp-content\/uploads\/brizy\/952\/assets\/images\/eefbdef5554305e6312a2ebb23d4d116c4454ab4.jpeg","name":"eefbdef5554305e6312a2ebb23d4d116c4454ab4.jpeg","meta":{"brizy_attachment_uid":"eefbdef5554305e6312a2ebb23d4d116c4454ab4.jpeg","brizy_post_uid":["78d69da7b9ff3ef9c9dacf3b79c1b6ca"]}},{"id":1039,"url":"https:\/\/kancelaria-walczuk.pl\/wp-content\/uploads\/2021\/01\/stamp-4969581_1920.jpg","name":"stamp-4969581_1920.jpg","meta":{"brizy_attachment_uid":"wp-3d5cdd3b14c9c7ff7a9728c1556657fc.jpg","brizy_post_uid":["78d69da7b9ff3ef9c9dacf3b79c1b6ca"]}}],"_links":{"self":[{"href":"https:\/\/kancelaria-walczuk.pl\/index.php\/wp-json\/wp\/v2\/pages\/1011","targetHints":{"allow":["GET"]}}],"collection":[{"href":"https:\/\/kancelaria-walczuk.pl\/index.php\/wp-json\/wp\/v2\/pages"}],"about":[{"href":"https:\/\/kancelaria-walczuk.pl\/index.php\/wp-json\/wp\/v2\/types\/page"}],"author":[{"embeddable":true,"href":"https:\/\/kancelaria-walczuk.pl\/index.php\/wp-json\/wp\/v2\/users\/1"}],"replies":[{"embeddable":true,"href":"https:\/\/kancelaria-walczuk.pl\/index.php\/wp-json\/wp\/v2\/comments?post=1011"}],"version-history":[{"count":8,"href":"https:\/\/kancelaria-walczuk.pl\/index.php\/wp-json\/wp\/v2\/pages\/1011\/revisions"}],"predecessor-version":[{"id":1127,"href":"https:\/\/kancelaria-walczuk.pl\/index.php\/wp-json\/wp\/v2\/pages\/1011\/revisions\/1127"}],"wp:attachment":[{"href":"https:\/\/kancelaria-walczuk.pl\/index.php\/wp-json\/wp\/v2\/media?parent=1011"}],"curies":[{"name":"wp","href":"https:\/\/api.w.org\/{rel}","templated":true}]}}